 1 + 3f?
40
In base 14, what is -4 - 70?
-74
In base 9, what is 5324 - -1?
5325
In base 7, what is -4 - 5346?
-5353
In base 13, what is 1718 + 6?
1721
In base 10, what is 16 + -77?
-61
In base 13, what is 0 + -585?
-585
In base 11, what is -25 + 3?
-22
In base 10, what is 47 + -1?
46
In base 13, what is 1828 + 1?
1829
In base 12, what is -18 - 12?
-2a
In base 13, what is -141 - 9?
-14a
In base 16, what is -2 + 251?
24f
In base 15, what is -335c + 2?
-335a
In base 13, what is -4 + c4?
c0
In base 4, what is 10 + 33?
103
In base 8, what is 527 + -2?
525
In base 15, what is 19 + -16?
3
In base 14, what is 33 - 1b?
16
In base 10, what is 0 + 152?
152
In base 7, what is 2 - -151?
153
In base 4, what is 1 - -22?
23
In base 5, what is 1240 - -1130?
2420
In base 9, what is 2514 - 1?
2513
In base 2, what is -10 - -11100001001?
11100000111
In base 13, what is 0 + 48?
48
In base 3, what is 11102 + 12?
11121
In base 15, what is 5 + 89?
8e
In base 3, what is 100002 - 1?
100001
In base 14, what is 1 - -456?
457
In base 14, what is -b0 + 0?
-b0
In base 5, what is -410 - -22?
-333
In base 12, what is 5 + 854?
859
In base 10, what is 11 - -38?
49
In base 2, what is 101 - 1100011011?
-1100010110
In base 13, what is -175 + 3?
-172
In base 2, what is 1011 + -100110?
-11011
In base 9, what is -1 - 1481?
-1482
In base 13, what is 8c + 3?
92
In base 15, what is 2 - c9?
-c7
In base 9, what is -46 + 2?
-44
In base 15, what is 5 - -14?
19
In base 2, what is -11101111 - -11?
-11101100
In base 9, what is 2 + -74?
-72
In base 10, what is 5 + -1101?
-1096
In base 16, what is a36 + 4?
a3a
In base 3, what is 10000121 - -11?
10000202
In base 16, what is -48 - -26?
-22
In base 5, what is 4 - -104?
113
In base 15, what is -a1 + 8?
-98
In base 8, what is -10 - 2?
-12
In base 4, what is -10 - -1210?
1200
In base 9, what is 138 + -16?
122
In base 15, what is -1e1 + 3?
-1dd
In base 8, what is -30 + -22?
-52
In base 3, what is -121 + 12000?
11102
In base 6, what is -40 + -3140?
-3220
In base 9, what is 268 - 12?
256
In base 8, what is 2 + 1?
3
In base 7, what is 1 + 1154?
1155
In base 8, what is 11 - 135?
-124
In base 11, what is 10 + -43?
-33
In base 16, what is 1 - 23?
-22
In base 6, what is -1014 - 4?
-1022
In base 5, what is 4 - -4024?
4033
In base 10, what is 2 + -240?
-238
In base 4, what is -1 + -2?
-3
In base 4, what is -12211 - -20?
-12131
In base 13, what is 18 - -7?
22
In base 4, what is -21 - -11?
-10
In base 6, what is -5 + 20422?
20413
In base 7, what is 101 + 26?
130
In base 5, what is 33114 + 2?
33121
In base 2, what is 1000001 + -11101?
100100
In base 9, what is -4808 + 4?
-4804
In base 2, what is 1110 + 100001101?
100011011
In base 11, what is -3058 - -6?
-3052
In base 13, what is -546 + 5?
-541
In base 2, what is -11010111 - 11?
-11011010
In base 16, what is -c + -8?
-14
In base 7, what is -40 + -22?
-62
In base 10, what is -5 - 6?
-11
In base 4, what is 23 + 1213?
1302
In base 16, what is f - -2?
11
In base 16, what is 0 + -8f?
-8f
In base 13, what is 9c - -2?
a1
In base 5, what is -1032 - 232?
-1314
In base 6, what is -5 - 4235?
-4244
In base 15, what is -11e + -7?
-126
In base 14, what is -1621 + -5?
-1626
In base 8, what is 3 + 7000?
7003
In base 3, what is -220000 - -110?
-212120
In base 6, what is 3 - 1110?
-1103
In base 5, what is -1 - 133?
-134
In base 9, what is -2 - -1318?
1316
In base 10, what is 4 + -1736?
-1732
In base 4, what is 131 + -2?
123
In base 2, what is 100 + 10000111?
10001011
In base 8, what is 0 + -1376?
-1376
In base 3, what is -1 - -1100?
1022
In base 6, what is 221 - -23?
244
In base 4, what is 1 + 130?
131
In base 15, what is 57 - 4?
53
In base 2, what is -100 + 1001011?
1000111
In base 12, what is -5 - 50?
-55
In base 13, what is -1 - -2378?
2377
In base 4, what is 11 + 132?
203
In base 6, what is 213 - 0?
213
In base 11, what is 838 + 5?
842
In base 3, what is 1022000 - 10?
1021220
In base 8, what is -34 + -46?
-102
In base 9, what is 7117 - -4?
7122
In base 12, what is 2 - -13?
15
In base 9, what is -131 + -75?
-216
In base 8, what is 14 - 5?
7
In base 4, what is 2 + 22?
30
In base 2, what is 1010 - -10010?
11100
In base 8, what is -3 - -276?
273
In base 9, what is 3 - -627?
631
In base 9, what is -2 + -6686?
-6688
In base 12, what is -78 + -1?
-79
In base 15, what is -ab + 3?
-a8
In base 13, what is -20 - 5a?
-7a
In base 4, what is 11 - -133?
210
In base 3, what is 0 + -11120?
-11120
In base 8, what is 114 - 27?
65
In base 4, what is 0 + 110?
110
In base 6, what is -34 - 3?
-41
In base 12, what is -3 + 43?
40
In base 16, what is 6 + 64a?
650
In base 15, what is -d + 5?
-8
In base 15, what is -5 - 4ee?
-504
In base 2, what is 1000 + 11100111?
11101111
In base 12, what is -3 + -36?
-39
In base 12, what is -15 - 6?
-1b
In base 14, what is -592 + -2?
-594
In base 16, what is -5 - -28?
23
In base 14, what is -162 - -6?
-15a
In base 12, what is -4b8 - -4?
-4b4
In base 7, what is 14 + 3320?
3334
In base 10, what is -10 - 454?
-464
In base 16, what is 28 - -14?
3c
In base 5, what is 2 + -32?
-30
In base 4, what is 1301 - -11?
1312
In base 6, what is 1120 - 5?
1111
In base 6, what is -3135 - 43?
-3222
In base 7, what is 61 + -11?
50
In base 9, what is 0 + -5?
-5
In base 10, what is 7806 + 5?
7811
In base 10, what is 5 - -179?
184
In base 3, what is -1102 + -20?
-1122
In base 3, what is 110021120 - -12?
110021202
In base 5, what is 1 - 11312?
-11311
In base 8, what is 105 + -1?
104
In base 11, what is -1012 - -3?
-100a
In base 12, what is -7 - 1a93?
-1a9a
In base 14, what is -607 + -4?
-60b
In base 8, what is 227 + 154?
403
In base 11, what is -1 - 25?
-26
In base 3, what is -2 + 10200202?
10200200
In base 7, what is 2 - -212?
214
In base 16, what is 0 + -1c2?
-1c2
In base 4, what is -1020 - -113?
-301
In base 10, what is 4 - 361?
-357
In base 9, what is -88 - 26?
-125
In base 8, what is -31 - -13?
-16
In base 2, what is -11 - -100?
1
In base 8, what is 517 - -5?
524
In base 2, what is -110 + -1111100?
-10000010
In base 11, what is a5 + -28?
78
In base 4, what is 12 - 1202?
-1130
In base 3, what is -2 + 11000?
10221
In base 5, what is 0 + 21240?
21240
In base 5, what is 3123 + -10?
3113
In base 2, what is 1111001110 - 1010?
1111000100
In base 12, what is 28 - 1b?
9
In base 6, what is -4 + 212?
204
In base 11, what is -1407 - -1?
-1406
In base 7, what is -4 + -4026?
-4033
In base 14, what is 19 - 59?
-40
In base 8, what is 24112 + -3?
24107
In base 4, what is -1130 + 13?
-1111
In base 4, what is 333 - 2332?
-1333
In base 16, what is -10bc - -4?
-10b8
In base 5, what is 331 + -2?
324
In base 11, what is -86 + -1?
-87
In base 5, what is 3 - -1430?
1433
In base 16, what is -38 - 17?
-4f
In base 11, what is -20063 + 2?
-20061
In base 14, what is 5328 - 0?
5328
In base 9, what is 1 + 501?
502
In base 12, what is -187 - 6?
-191
In base 8, what is -4 - -5074?
5070
In base 12, what is 181 - 4?
179
In base 12, what is -2 - -47?
45
In base 5, what is 1 - -4223?
4224
In base 9, what is -1 - -543?
542
In base 10, what is 1699 + 9?
1708
In base 6, what is -241 + 1?
-240
In base 9, what is -316 - -3?
-313
In base 12, what is -202 + 1?
-201
In base 9, what is 38 + 14?
53
In base 3, what is -121 - -101?
-20
In base 8, what is 1333 + 3?
1336
In base 15, what is -60 + 1?
-5e
In base 11, what is -132 - -5?
-128
In base 8, what is 1413 + 1?
1414
In base 14, what is -4 + cb?
c7
In base 15, what is -25 + -132?
-157
In base 9, what is -4 + 177?
173
In base 15, what is 88 - 0?
88
In base 7, what is -14 - -25?
11
In base 16, what is -5 + -5a?
-5f
In base 12, what is -12 - -b?
-3
In base 7, what is -105063 - 5?
-105101
In base 9, what is 3 + 378?
382
In base 10, what is 14 - 8?
6
In base 7, what is 3 + 5420?
5423
In base 6, what is 15 + 132?
151
In base 11, what is -6a - -21?
-49
In base 6, what is -5 + -11?
-20
In base 6, what is -12 + 2152?
2140
In base 4, what is -2000331 + -1?
-2000332
In base 11, what is -6 - -290?
285
In base 10, what is -35 + -5?
-40
In base 10, what is -507 + -6?
-513
In base 2, what is -111010110 - 0?
-111010110
In base 6, what is 4 - -1515?
1523
In base 7, what is 3130 + 3?
3133
In base 2, what is 1 + 111110?
111111
In base 10, what is -60 + -3?
-63
In base 3, what is 10000 + 21?
10021
In base 7, what is -26 + -246?
-305
In base 16, what